{"id":315,"date":"2025-11-06T12:11:51","date_gmt":"2025-11-06T12:11:51","guid":{"rendered":"https:\/\/coastaway.pl\/?page_id=315"},"modified":"2025-11-06T12:14:51","modified_gmt":"2025-11-06T12:14:51","slug":"karaiby","status":"publish","type":"page","link":"https:\/\/coastaway.pl\/index.php\/karaiby\/","title":{"rendered":"Karaiby"},"content":{"rendered":"\n<p><strong>Humbaki<\/strong> to walenie z rodziny P\u0142etwalowatych, jedene z najbardziej widowiskowych mieszka\u0144c\u00f3w ocean\u00f3w. Dorasta do 16 m d\u0142ugo\u015bci i mog\u0105 wa\u017cy\u0107 nawet 30 ton, a jego znakiem rozpoznawczym s\u0105 d\u0142ugie, bia\u0142e p\u0142etwy piersiowe oraz spektakularne wyskoki ponad powierzchni\u0119 wody.<\/p>\n\n\n\n<p>Humbaki zamieszkuj\u0105 wszystkie oceany \u015bwiata, ale ich \u017cycie to rytm wielkich migracji \u2013 latem \u017ceruj\u0105 w zimnych, bogatych w plankton wodach p\u00f3\u0142nocnego Atlantyku, a zim\u0105 przemierzaj\u0105 tysi\u0105ce kilometr\u00f3w, by dotrze\u0107 do ciep\u0142ych i spokojnych m\u00f3rz tropikalnych, gdzie rodz\u0105 m\u0142ode.<\/p>\n\n\n\n<figure class=\"wp-block-image size-large\"><img loading=\"lazy\" decoding=\"async\" width=\"1024\" height=\"685\" src=\"https:\/\/coastaway.pl\/wp-content\/uploads\/2025\/11\/Humback-1024x685.jpg\" alt=\"\" class=\"wp-image-322\" srcset=\"https:\/\/coastaway.pl\/wp-content\/uploads\/2025\/11\/Humback-1024x685.jpg 1024w, https:\/\/coastaway.pl\/wp-content\/uploads\/2025\/11\/Humback-300x201.jpg 300w, https:\/\/coastaway.pl\/wp-content\/uploads\/2025\/11\/Humback-768x514.jpg 768w, https:\/\/coastaway.pl\/wp-content\/uploads\/2025\/11\/Humback-1536x1028.jpg 1536w, https:\/\/coastaway.pl\/wp-content\/uploads\/2025\/11\/Humback.jpg 1920w\" sizes=\"auto, (max-width: 767px) 89vw, (max-width: 1000px) 54vw, (max-width: 1071px) 543px, 580px\" \/><\/figure>\n\n\n\n<p>Ka\u017cdej zimy Humbaki z p\u00f3\u0142nocnego Atlantyku kieruj\u0105 si\u0119 w stron\u0119 Karaib\u00f3w, m.in. Dominikany, Guadelupy, Dominiki, Saint Lucii i Martyniki. Tutaj, w turkusowych wodach Ma\u0142ych Antyli, samice wydaj\u0105 na \u015bwiat m\u0142ode i ucz\u0105 je pierwszych ruch\u00f3w i skok\u00f3w.<br>Na Karaibach humbaki pojawiaj\u0105 si\u0119 od <strong>grudnia do kwietnia<\/strong>, a <strong>szczyt sezonu przypada w lutym!!!<\/strong> Mo\u017cna zaobserwowa\u0107 zar\u00f3wno imponuj\u0105ce samce \u015bpiewaj\u0105ce pod wod\u0105, jak i samice z m\u0142odymi.<\/p>\n\n\n\n<p><strong>W okolicach Martyniki<\/strong><br>W kanale mi\u0119dzy <strong>Martynik\u0105 a Saint Luci\u0105<\/strong> humbaki s\u0105 widywane ka\u017cdego roku. Spokojne, g\u0142\u0119bokie wody i \u0142agodny klimat sprawiaj\u0105, \u017ce to jedno z najlepszych miejsc w Ma\u0142ych Antylach do obserwacji tych niezwyk\u0142ych ssak\u00f3w \u2013 cz\u0119sto z \u0142odzi, a czasem nawet z brzegu.<\/p>\n\n\n\n<p><\/p>\n","protected":false},"excerpt":{"rendered":"<p>Humbaki to walenie z rodziny P\u0142etwalowatych, jedene z najbardziej widowiskowych mieszka\u0144c\u00f3w ocean\u00f3w. Dorasta do 16 m d\u0142ugo\u015bci i mog\u0105 wa\u017cy\u0107 nawet 30 ton, a jego znakiem rozpoznawczym s\u0105 d\u0142ugie, bia\u0142e p\u0142etwy piersiowe oraz spektakularne wyskoki ponad powierzchni\u0119 wody. Humbaki zamieszkuj\u0105 wszystkie oceany \u015bwiata, ale ich \u017cycie to rytm wielkich migracji \u2013 latem \u017ceruj\u0105 w zimnych, &hellip; <\/p>\n<p class=\"link-more\"><a href=\"https:\/\/coastaway.pl\/index.php\/karaiby\/\" class=\"more-link\">Continue reading<span class=\"screen-reader-text\"> &#8220;Karaiby&#8221;<\/span><\/a><\/p>\n","protected":false},"author":1,"featured_media":0,"parent":0,"menu_order":0,"comment_status":"closed","ping_status":"closed","template":"","meta":{"footnotes":""},"class_list":["post-315","page","type-page","status-publish","hentry"],"_links":{"self":[{"href":"https:\/\/coastaway.pl\/index.php\/wp-json\/wp\/v2\/pages\/315","targetHints":{"allow":["GET"]}}],"collection":[{"href":"https:\/\/coastaway.pl\/index.php\/wp-json\/wp\/v2\/pages"}],"about":[{"href":"https:\/\/coastaway.pl\/index.php\/wp-json\/wp\/v2\/types\/page"}],"author":[{"embeddable":true,"href":"https:\/\/coastaway.pl\/index.php\/wp-json\/wp\/v2\/users\/1"}],"replies":[{"embeddable":true,"href":"https:\/\/coastaway.pl\/index.php\/wp-json\/wp\/v2\/comments?post=315"}],"version-history":[{"count":3,"href":"https:\/\/coastaway.pl\/index.php\/wp-json\/wp\/v2\/pages\/315\/revisions"}],"predecessor-version":[{"id":323,"href":"https:\/\/coastaway.pl\/index.php\/wp-json\/wp\/v2\/pages\/315\/revisions\/323"}],"wp:attachment":[{"href":"https:\/\/coastaway.pl\/index.php\/wp-json\/wp\/v2\/media?parent=315"}],"curies":[{"name":"wp","href":"https:\/\/api.w.org\/{rel}","templated":true}]}}