{"id":275,"date":"2025-03-14T09:14:29","date_gmt":"2025-03-14T09:14:29","guid":{"rendered":"https:\/\/coastaway.pl\/?page_id=275"},"modified":"2025-09-20T13:57:32","modified_gmt":"2025-09-20T13:57:32","slug":"sardynia","status":"publish","type":"page","link":"https:\/\/coastaway.pl\/index.php\/sardynia\/","title":{"rendered":"Sardynia"},"content":{"rendered":"\n<figure class=\"wp-block-image size-large\"><img loading=\"lazy\" decoding=\"async\" width=\"768\" height=\"1024\" src=\"https:\/\/coastaway.pl\/wp-content\/uploads\/2025\/09\/SARDYNIA-768x1024.jpg\" alt=\"\" class=\"wp-image-301\" srcset=\"https:\/\/coastaway.pl\/wp-content\/uploads\/2025\/09\/SARDYNIA-768x1024.jpg 768w, https:\/\/coastaway.pl\/wp-content\/uploads\/2025\/09\/SARDYNIA-225x300.jpg 225w, https:\/\/coastaway.pl\/wp-content\/uploads\/2025\/09\/SARDYNIA-1152x1536.jpg 1152w, https:\/\/coastaway.pl\/wp-content\/uploads\/2025\/09\/SARDYNIA.jpg 1500w\" sizes=\"auto, (max-width: 767px) 89vw, (max-width: 1000px) 54vw, (max-width: 1071px) 543px, 580px\" \/><\/figure>\n\n\n\n<p>Krystalicznie czysta woda, ciep\u0142e morze, wrzesie\u0144 to idealna pora \u017ceby eksplorowa\u0107 najpi\u0119kniejsze zak\u0105tki Korsyki i Sardynii, nazywane cz\u0119sto Seszelami Europy!<br>Majestatyczne klify, piaszczyste pla\u017ce, szmaragdowa woda, pi\u0119kne krajobrazy kt\u00f3re mo\u017cna do\u015bwiadczy\u0107 tylko z pok\u0142adu jachtu! <\/p>\n\n\n\n<p><br><\/p>\n\n\n\n<p><\/p>\n","protected":false},"excerpt":{"rendered":"<p>Krystalicznie czysta woda, ciep\u0142e morze, wrzesie\u0144 to idealna pora \u017ceby eksplorowa\u0107 najpi\u0119kniejsze zak\u0105tki Korsyki i Sardynii, nazywane cz\u0119sto Seszelami Europy!Majestatyczne klify, piaszczyste pla\u017ce, szmaragdowa woda, pi\u0119kne krajobrazy kt\u00f3re mo\u017cna do\u015bwiadczy\u0107 tylko z pok\u0142adu jachtu!<\/p>\n","protected":false},"author":1,"featured_media":0,"parent":0,"menu_order":0,"comment_status":"closed","ping_status":"closed","template":"","meta":{"footnotes":""},"class_list":["post-275","page","type-page","status-publish","hentry"],"_links":{"self":[{"href":"https:\/\/coastaway.pl\/index.php\/wp-json\/wp\/v2\/pages\/275","targetHints":{"allow":["GET"]}}],"collection":[{"href":"https:\/\/coastaway.pl\/index.php\/wp-json\/wp\/v2\/pages"}],"about":[{"href":"https:\/\/coastaway.pl\/index.php\/wp-json\/wp\/v2\/types\/page"}],"author":[{"embeddable":true,"href":"https:\/\/coastaway.pl\/index.php\/wp-json\/wp\/v2\/users\/1"}],"replies":[{"embeddable":true,"href":"https:\/\/coastaway.pl\/index.php\/wp-json\/wp\/v2\/comments?post=275"}],"version-history":[{"count":9,"href":"https:\/\/coastaway.pl\/index.php\/wp-json\/wp\/v2\/pages\/275\/revisions"}],"predecessor-version":[{"id":302,"href":"https:\/\/coastaway.pl\/index.php\/wp-json\/wp\/v2\/pages\/275\/revisions\/302"}],"wp:attachment":[{"href":"https:\/\/coastaway.pl\/index.php\/wp-json\/wp\/v2\/media?parent=275"}],"curies":[{"name":"wp","href":"https:\/\/api.w.org\/{rel}","templated":true}]}}